Let b be (-2)/(-3) + 1960/12. Suppose 4*c = -4*i + b, 2*i - 196 = -0*c - 5*c. What is the remainder when c is divided by k?
12
Let b(t) = t**2 - 20*t + 114. Calculate the remainder when b(12) is divided by 5.
3
Let a be (18/45)/((-1)/(-90)). Let s = a - 26. What is the remainder when 39 is divided by s?
9
Calculate the remainder when 34 is divided by ((-4)/(-6))/(20/210).
6
Suppose 677*d = 653*d + 432. What is the remainder when d is divided by 114/8 + 2/(-8)?
4
Let x(f) = -f**3 + 8*f**2 + 19*f + 14. Let t be x(10). Suppose 4*q = -t*c + 24, 5*c - 8 = 3*c + 2*q. What is the remainder when 37 is divided by c?
2
Suppose j - 20 = -4*j. Suppose 2*n = j*n - 150. Let f = -16 - -42. What is the remainder when n is divided by f?
23
Let m(g) = 13*g - 80. Calculate the remainder when 20 is divided by m(7).
9
Let v(k) = 4*k + 10. Let m be v(-6). Calculate the remainder when 4 + 2 + 18 + 3 is divided by m/8*(-3 - 1).
6
Suppose -47*f = -18*f - 3306. Calculate the remainder when f is divided by 17.
12
Let a be 1*(2 + (-2 - -2)). Suppose 0 = -a*z + 5*z - 12. Let j(d) = -4*d + 4. What is the remainder when j(0) is divided by z?
0
Suppose 4*r - 4*f = 64, r - 2 - 6 = -3*f. Suppose 0 = p - 4*q, -15*q + 1 = -r*q. What is the remainder when (19 - 0) + -2 + 2 is divided by p?
3
Let s = -6 + 97. Calculate the remainder when s is divided by 72.
19
Suppose -7*z = 20 - 160. Calculate the remainder when 53 is divided by z.
13
Let y(k) = 19*k**3 - 2*k**2 - 4*k + 4. What is the remainder when y(1) is divided by 5?
2
Suppose 3*k = 5*q - 26, 2*k + 5 + 3 = q. What is the remainder when -1*(2 - 5) + (20 - q) is divided by 10?
9
What is the remainder when 43 is divided by ((-32)/(-6))/(-1)*(-18)/12?
3
Suppose 5*t = -11*u + 8*u - 5, 25 = -5*u. Calculate the remainder when 172 is divided by t.
0
Let p be ((-1)/(-2))/((-1)/(-4)). Let k(j) = 11*j**2 - 4*j**2 + 11 - 6*j**p - 8*j. What is the remainder when k(9) is divided by 11?
9
Calculate the remainder when (1 + -7 + (4 - 4))*-8 is divided by 10.
8
Let c = -2 - -92. Suppose -d + 60 = -5*s, 3*s + c = 5*d - 188. Calculate the remainder when d is divided by 19.
17
Let a(j) = j**2 + 3*j + 4. Let b = 3 - -1. Calculate the remainder when a(b) is divided by 11.
10
Let b(j) = 3*j**2 + 2*j. Let u(h) = h**3 + 6*h**2 + h + 2. Let s be u(-6). What is the remainder when -2*(240/s)/2 is divided by b(2)?
12
Let p(f) = f**3 - 12*f**2 + 32*f - 13. What is the remainder when 133 is divided by p(9)?
5
Suppose -4*v = -4*q + 92, 3*q - q = -5*v + 25. What is the remainder when 175 is divided by q?
15
Let i(l) = 3*l**3 - 8*l**2 + 3*l + 2. Let b be i(6). Suppose 0 = -4*m + b + 248. What is the remainder when m is divided by 40?
37
Let j(p) = 16*p**2 - 2*p - 6. Let q be j(3). Suppose 2*k = -2*k + q. Suppose -3*w - k = -h - 0*w, 0 = h - w - 39. What is the remainder when h is divided by 15?
12
Let n = -17 + 19. Suppose -5*s + 85 = -5*d, 1 = n*s - 4*s - 5*d. Calculate the remainder when 21 is divided by s.
9
Let n = 4 + 11. Calculate the remainder when n is divided by 6.
3
Let y be (22/33)/(2/(-24)). Calculate the remainder when 37 is divided by (-4)/y*(-200)/(-5).
17
Let a = 46 + 23. Let d = 181 - 157. What is the remainder when a is divided by d?
21
Calculate the remainder when 58 is divided by (8/3)/(10 + 413/(-42)).
10
Suppose 5*d - w + 95 = 311, d - 41 = -2*w. What is the remainder when 97 is divided by d?
11
Suppose -183 = l - 4*l + 5*z, 0 = -5*l + z + 283. Let h = -42 + l. What is the remainder when 27 is divided by h?
13
Suppose 4*s = 2*u - 14, -2*u = 5*s - 2*s. What is the remainder when (-9 + 6 + 6/s)*-17 is divided by 15?
12
Let x = -9 + -13. Let i = x - -41. What is the remainder when 35 is divided by i?
16
Let q = -2195 - -2440. Calculate the remainder when q is divided by 63.
56
Let j(d) = -d**3 + 12*d**2 + d - 2. Suppose -b = -0*b - 112. Suppose -4*z + 119 = 5*i - 62, -i - b = -3*z. Calculate the remainder when z is divided by j(12).
9
Let y be 2*((-1)/3 - (-85)/30). Suppose -y*f + 78 = -202. Calculate the remainder when f is divided by 19.
18
What is the remainder when 124 is divided by (549/(-61))/((-6)/4)?
4
Let p(d) = -16*d + 1. Suppose -2*t - 4*c + 34 = 0, 3*t - 7*c = -2*c + 51. Calculate the remainder when p(-4) is divided by t.
14
Let o = 973 + -519. What is the remainder when o is divided by 17?
12
Let k(v) = -v**3 + 8*v**2 - 8*v - 5. Suppose -4*o + 0 = -8. Suppose o*a = a + 7. What is the remainder when k(6) is divided by a?
5
Let s(u) = u**2 - 4*u + 6. Let k be s(4). Suppose 0 = -8*g + k*g + 94. Calculate the remainder when g is divided by 16.
15
Let j(z) = -z**3 + 4*z**2 + 4*z + 5. Let b = 28 + 10. What is the remainder when b is divided by j(4)?
17
Suppose -2*d + 5*g - 3 - 5 = 0, 0 = -4*g + 16. Suppose n = d*n - 20. Suppose 12 = 2*s - 2*o, -4*s = -0*s + n*o. Calculate the remainder when 8 is divided by s.
2
Let q = -2 + 3. Let c(j) = -2*j**2 - 17*j + 11. What is the remainder when c(-9) is divided by q?
0
Suppose -39*q = -2166 - 408. Calculate the remainder when q is divided by 41.
25
Suppose 5*u - 3*y - 79 = -236, 0 = -5*u + 5*y - 155. Let x = 38 + u. What is the remainder when 22 is divided by x?
4
Let y = 11 + 0. Let a be ((-6)/(-9))/((-1)/(-18)). Let s = 19 - a. What is the remainder when y is divided by s?
4
Let o(h) = h**3 - 3*h - 2. Let q be o(2). Let t(i) = -i**2 - 4*i + 59. What is the remainder when 232 is divided by t(q)?
55
Suppose -102 = -2*r - 0. Calculate the remainder when 713 is divided by r.
50
Let h(a) = a + 18. Suppose -4*f - 9 = 11. Calculate the remainder when 25 is divided by h(f).
12
Let k = -122 - -150. Let s = 35 - k. What is the remainder when 12 is divided by s?
5
Suppose 2*g = 310 - 40. Calculate the remainder when g is divided by 21.
9
Let t(a) = 2*a - 15. Let j = -6 - -9. Suppose j*x - 7 = 2*x. What is the remainder when x is divided by t(9)?
1
Let k(h) be the third derivative of 11*h**4/8 + 2*h**3/3 + 3*h**2. What is the remainder when k(1) is divided by 13?
11
Let j = -289 + 497. Calculate the remainder when j is divided by 105.
103
Suppose -4*a = -y - 0*a + 18, 5*y = 2*a + 72. Let t = 288 - 205. Calculate the remainder when t is divided by y.
13
Let w(c) = -5*c**2 + 8*c + 4. Let h(z) = 14*z**2 - 23*z - 11. Let q(o) = 4*h(o) + 11*w(o). What is the remainder when q(-3) is divided by 12?
9
Suppose -201 - 199 = -5*l. Let c = l - 75. What is the remainder when 11 is divided by c?
1
Let h = -15 + 38. Suppose 0*c - 2*c - 36 = 0. Let q = -6 - c. What is the remainder when h is divided by q?
11
Let u = 32 + 0. Calculate the remainder when 121 is divided by u.
25
Suppose 43*g - 532 = 36*g. Calculate the remainder when g is divided by (0 + -2 - -1)*-39.
37
Suppose 2 = l - 3*a, 0*a = -2*a. Calculate the remainder when (125/(-2) - l)*-2 is divided by 33.
30
Calculate the remainder when 3*(-5 + 3)*3/(-2) is divided by 8.
1
What is the remainder when 473 is divided by 0 - (-4 + 2)*7?
11
What is the remainder when 10 + -4 + -9 - 74*-1 is divided by 31?
9
Suppose x + 148 = 10*r - 1664, r = -5*x + 171. Calculate the remainder when r is divided by 34.
11
Let g be 2/3 + 20/6. Suppose -78 = -2*f + g*h, -f + 24 = 5*h + 6. What is the remainder when f is divided by 18?
15
Let d be 11*(-3)/(-2) - (-3)/6. Let j = d - -1. Calculate the remainder when j is divided by 10.
8
Suppose -58 = -2*b - 32. What is the remainder when b is divided by 4?
1
Let k(w) be the first derivative of -5*w**2/2 - w + 10. What is the remainder when 54 is divided by k(-3)?
12
Suppose 1201 = 2*m - t, 3*m - t - 337 - 1466 = 0. What is the remainder when m is divided by 67?
66
Suppose j = -4, -3*i + j + 2*j + 1293 = 0. Calculate the remainder when i is divided by 21.
7
Suppose -6*r - 229 = -1051. Calculate the remainder when r is divided by 71.
66
Let f(r) = 9*r + 16. Let b be f(11). Calculate the remainder when ((-552)/b)/(-1*(-1)/(-5)) is divided by 13.
11
Suppose 0 = -36*t + 35*t + 5. Suppose -3*w + t*c - 91 = -282, 0 = -c + 2. Calculate the remainder when w is divided by 23.
21
Let h(a) = a**2 - 5*a + 12. Let d(x) = 44*x. Calculate the remainder when d(1) is divided by h(5).
8
Let f be (-6)/(-27) + (-168)/27. Let s(l) = 0*l - 2 + 3 + 3*l + l**2. What is the remainder when 75 is divided by s(f)?
18
What is the remainder when 64 is divided by 